t a be l(1). Suppose 4*x = 5*n - a, -3*x = -5*n + 3*n + 20. List the prime factors of n.
7
Let r(a) = 7*a**2 + 29*a - 2. List the prime factors of r(-8).
2, 107
Let i = -47 + 278. What are the prime factors of i?
3, 7, 11
Suppose 4*r - 72 = 84. Suppose 2*l - 4*g = 3*l - r, 2*l = 2*g + 38. Suppose 5 + l = 3*y + 4*x, -5*y + 41 = x. List the prime factors of y.
2
Suppose 38 = 5*y - 212. Let l be -2 + 2 + (-6)/(-3). Suppose -y = -l*v - 3*v. List the prime factors of v.
2, 5
List the prime factors of 2636/22 - (-7)/231*6.
2, 3, 5
Let j = -13 + 9. Let b = 3 + j. Let c(m) = 10*m**2 + 1. What are the prime factors of c(b)?
11
Let v = 3 - -71. What are the prime factors of v?
2, 37
Let g(z) = -z - 2. Let s be g(-5). Let h(j) = j**2 - 1. Let i be h(1). Suppose 3*y + 4*u - 18 = i, -5*u - 2 + 11 = -s*y. What are the prime factors of y?
2
Suppose 3*j + 152 - 182 = 0. List the prime factors of j.
2, 5
Suppose 4*d - 4 = 2*t - 26, 3 = -2*t - d. Let r = t + -2. Let n = r + 4. What are the prime factors of n?
3
Let j(f) = -7*f - 18. List the prime factors of j(-6).
2, 3
What are the prime factors of (-294)/4*12/(-9)?
2, 7
Suppose -3*i + 129 = -195. List the prime factors of i.
2, 3
Let q be -3 - -7 - (-1 - -1). Suppose 3*k - q*k = -2. Suppose 0 = -4*p - 8, 2*f + p = -k*p + 14. List the prime factors of f.
2, 5
Let a = -4 - -6. Suppose 4*r = 3*j + 57, 2*r + a*r = -5*j + 33. List the prime factors of (r/(-9))/(2/(-9)).
2, 3
What are the prime factors of ((-3)/3)/(1/(-41))?
41
Let t(q) = -2*q**2 - 6*q + 10. Let y(j) = -j**2 - 6*j + 9. Let v(a) = a + 5. Let w be v(-7). Let h(x) = w*t(x) + 3*y(x). What are the prime factors of h(6)?
7
Suppose 3*d - 120 = -3*r, -3*r - r = -5*d + 236. What are the prime factors of d?
2, 11
Suppose m + 2 = -2*l + 13, 2*m - 26 = -2*l. Let r = m - 24. Let z(q) = -q**3 - 9*q**2 - 2*q - 13. List the prime factors of z(r).
5
List the prime factors of (-14)/(-35) - (-336)/10.
2, 17
Let o(p) = -3*p - 3. Let v(b) = b. Let d be v(-2). Let g be o(d). Suppose -g*y + 3*t = -5*y + 11, 5*y + 2*t = 33. List the prime factors of y.
7
Suppose -8*q + 455 = 79. What are the prime factors of q?
47
Let x(m) = -m**3 + 8*m**2 - 4*m + 7. What are the prime factors of x(6)?
5, 11
List the prime factors of (2 + -3)/(2/74)*-1.
37
Let p = 1 + -2. Let u be 7/(2 + -1) - p. Let m = 2 + u. What are the prime factors of m?
2, 5
Suppose 0 = -2*s + 10, -4*t - s = -276 - 53. What are the prime factors of t?
3
Suppose 3*x + x - 4*c = 0, 15 = 4*x + c. Let u = 5 - x. What are the prime factors of u?
2
Suppose -78 = 3*b - 348. List the prime factors of b.
2, 3, 5
Let w(f) = 8*f + 7. What are the prime factors of w(7)?
3, 7
Let l = 200 + -102. What are the prime factors of l?
2, 7
Let b(k) = 34*k**2 + k. Let h be b(1). Let p = h - 25. What are the prime factors of p?
2, 5
Let c(o) = o**2 - 16*o + 2. What are the prime factors of c(19)?
59
List the prime factors of (2/(-6))/((-6)/810).
3, 5
Suppose 0 = -a + 4, -3*a + 501 = 3*d - 0*a. List the prime factors of d.
163
Suppose -3*v = 4*l - 439, 294 = -0*v + 2*v + 3*l. What are the prime factors of v?
3, 47
Let q = -228 - -389. List the prime factors of q.
7, 23
Let w(r) = r**3 + 8*r**2 - 4*r - 15. What are the prime factors of w(-8)?
17
Let o(h) be the third derivative of h**5/60 - h**4/3 + h**3 + h**2. Let i be o(7). What are the prime factors of 12*(i + (-5)/(-3))?
2
Let f = 70 + -18. Let p = -31 + f. List the prime factors of p.
3, 7
Let s(b) = 6*b + 4. Let r(u) = u**3 + 14*u**2 - 15*u + 3. Let y be r(-15). List the prime factors of s(y).
2, 11
Let d(c) = 3*c**2 - 7*c + 9. List the prime factors of d(5).
7
Suppose 3*u + 32 = 7*u. Let o = u - 3. Let q(s) = s + 3. What are the prime factors of q(o)?
2
Suppose -3*x = -p - 15, -2*p - 6 = -0*p + 2*x. Let m = -2 - p. Suppose m*i = 2*y - 42, -5*y - i + 61 = -0*y. What are the prime factors of y?
13
Let a = -19 + 24. What are the prime factors of a?
5
Suppose 2*l - 9 = 55. List the prime factors of l.
2
Let g(l) = -l + 5. What are the prime factors of g(-9)?
2, 7
Let o = -277 - -450. List the prime factors of o.
173
Suppose t - 5*t + 292 = 0. What are the prime factors of t?
73
Let b be (-2)/(-12) + 34/12. Suppose -q + 5*x = 11, -3*q + 8*x - b*x = -7. List the prime factors of -1*(-6)/q*3.
2
Let a(y) = -5*y - 1. Let m be a(3). Let b = -8 - m. List the prime factors of b.
2
Let s(o) = -o**3 + o**2 + 2*o + 1. Let w be s(2). Let p = 4 + w. List the prime factors of p.
5
Let a = 119 - 80. What are the prime factors of (2 + -3)/((-1)/a)?
3, 13
Suppose -2*z - 2*z = -288. Suppose 101 = 3*x - h, -4*h = x + x - z. List the prime factors of x.
2, 17
Let f be -3 - 1/2*-6. Suppose -5 = 3*x - 4*x. Let i = f + x. List the prime factors of i.
5
Let j = 14 + 25. List the prime factors of j.
3, 13
Suppose 3*h + 60 = 8*h. What are the prime factors of h?
2, 3
Let i be (-5)/(-20) - (-154)/(-8). Let u = -43 - i. Let f = -13 - u. What are the prime factors of f?
11
Let o = -8 + 11. Let k(i) = -3*i + 2*i + 1 + o*i + 4*i. What are the prime factors of k(1)?
7
Suppose -5*h + 2*h = -9. Suppose 33 = -0*m - h*m. Let x = -5 - m. List the prime factors of x.
2, 3
Let i(y) = y**3 + 7*y**2 - y + 7. What are the prime factors of i(-7)?
2, 7
Let p(g) = -3*g**2 - 10*g - 6. Let a be p(-6). List the prime factors of a/24*16/(-6).
2, 3
Suppose -y + 5*l + 82 = 3*y, 4*l = -3*y + 77. Suppose -3*f = -71 + y. What are the prime factors of f?
2
Let b = 14 + -14. Suppose -3*p + 116 - 38 = b. List the prime factors of p.
2, 13
Let p(i) = -13*i + 3. Let h(m) = -53*m + 13. Let w(x) = 2*h(x) - 9*p(x). Suppose 4*g + 8 = -0*g + 4*s, -2*s = 4*g - 10. List the prime factors of w(g).
2, 5
Suppose 238 + 128 = 6*x. List the prime factors of x.
61
Let x(k) = 2*k**3 - 8*k**2 + 2*k - 8. What are the prime factors of x(6)?
2, 37
Suppose -5*t = 6 + 9. What are the prime factors of 13 - (t + 1 + 1)?
2, 7
Let n(z) = 1 + 2 - z**2 + 0. Let j be n(3). Let t(g) = g**2 + 4*g - 4. List the prime factors of t(j).
2
Let i be (10/(-3))/((-6)/63). Let v = 56 - i. What are the prime factors of v?
3, 7
Let s = 10 - 12. What are the prime factors of s/(-8) + (-162)/(-24)?
7
Let a(v) = -v**3 + 9*v**2 - 4*v - 20. What are the prime factors of a(6)?
2
Suppose -c = -3*n + 4*c + 40, -2*n = 3*c - 14. Let g(m) = -m**3 + 9*m**2 + 12*m + 3. List the prime factors of g(n).
23
Let m be (-36)/(-8)*(-1 - 1). Let x = m + 14. What are the prime factors of x?
5
Suppose 15*g - 1560 = 7*g. What are the prime factors of g?
3, 5, 13
Let f be ((-264)/(-77))/((-1)/(-7)). List the prime factors of f - (-1 - -2) - 4.
19
Suppose -2*a + 19 = -3*g + 3*a, 0 = -g - 2*a + 12. Suppose -g*n = -6*n + 28. List the prime factors of n.
7
Let k(s) = 10*s**2 - 5*s - 12. What are the prime factors of k(4)?
2
What are the prime factors of 159 + (3 - 0/(-3))?
2, 3
Let y(v) = v**3 - 11*v**2 - 5*v - 10. List the prime factors of y(12).
2, 37
Let y(s) be the first derivative of -2 - 12*s + 1/3*s**3 - 4*s**2. List the prime factors of y(10).
2
Let j(n) = -n**3 - 4*n + n**2 + 3*n - 2 + 6*n**2. Let v be j(7). Let c = 1 - v. What are the prime factors of c?
2, 5
Let g(s) = -s**3 + 18*s**2 - 15*s - 20. What are the prime factors of g(17)?
2, 7
Let j = 106 + -72. What are the prime factors of j?
2, 17
Let l(j) = j**2 + 3*j + 5. Let c be l(-5). Let s = -5 + c. List the prime factors of s.
2, 5
Suppose 4*z + 10*z - 896 = 0. What are the prime factors of z?
2
Let g(k) = -k + 25. List the prime factors of g(0).
5
Suppose 5*d - 19 = 1. Suppose -5*z = -f - 20, -3*z + 9*f - d*f = -12. Suppose 5*n - 4*h - 4 = 0, -z*n - 2*h + 12 = -3*n. What are the prime factors of n?
2
Let p(z) = -2*z**2 + 6*z + 2. Let f be p(5). Let c be ((-6)/4 + 1)*f. Suppose 4*u = 45 - c. List the prime factors of u.
3
Suppose -2*w = 2*w. Let i be 1/2*(w + 0). Let o = i + 3. What are the prime factors of o?
3
Suppose -3*u - 2 = -14. Suppose -u*f + 5*i = 5 - 33, -14 = -3*f + 2*i. What are the prime factors of 6/(-10)*(-20)/f?
2, 3
Suppose -2*m = 19 - 153. What are the prime factors of m?
67
Let p(l) = l. Let s be p(2). Let m be 46/s + 0 + -1. List the prime factors of 238/m - 6/(-33).
11
Suppose 0 = -m + 8*m - 483. What are the prime factors of m?
3, 23
Suppose -7*u - 75 = -2*u. Let c be -1 + 26 - -1 - 4. Let k = c + u. List the prime fact